) to base 4.
22302321313
-160a85 (base 11) to base 9
-421180
Convert -1335e0 (base 15) to base 9.
-1655643
Convert -220000221122 (base 3) to base 10.
-473084
-54b81 (base 13) to base 7
-1206455
What is 39c593 (base 14) in base 3?
10202021020012
-649059 (base 12) to base 10
-1591557
What is 12825371 (base 9) in base 8?
30125525
3132420 (base 5) to base 2
1100110000001011
1360d5c (base 14) to base 16
8f1186
What is -11110030302 (base 4) in base 15?
-1c7d23
Convert 33230012322 (base 4) to base 3.
21201221201220
Convert -112232222 (base 4) to base 9.
-151632
Convert -100404565 (base 7) to base 13.
-12933b8
Convert 20084278 (base 9) to base 11.
5481917
Convert -b72c (base 15) to base 14.
-10194
-22225 (base 10) to base 15
-68ba
-46563612 (base 7) to base 5
-2022143324
Convert -3022826 (base 12) to base 14.
-12a5514
Convert 1313454 (base 8) to base 14.
97740
What is 11430320 (base 10) in base 11?
64a7850
Convert -101010001111010010111 (base 2) to base 4.
-11101322113
214328 (base 14) to base 7
12365551
Convert cc19 (base 15) to base 4.
22203120
Convert 271787 (base 13) to base 11.
596824
What is 4442236 (base 7) in base 10?
548239
Convert -25652017 (base 8) to base 15.
-780b36
What is 2623623 (base 7) in base 9?
571463
Convert -1561263 (base 7) to base 9.
-360070
What is 3365765 (base 9) in base 16?
1bb243
-1189b (base 15) to base 3
-2211202002
Convert 620073 (base 8) to base 16.
3203b
-1585488 (base 9) to base 5
-211230343
-142030 (base 8) to base 13
-19b07
-149455 (base 11) to base 10
-232138
What is -1000000101001111001011 (base 2) in base 14?
-3d212b
Convert -132433 (base 6) to base 10.
-12261
-2121101122122 (base 3) to base 13
-39688a
Convert -268243 (base 12) to base 14.
-127c1d
Convert -29d78a (base 15) to base 4.
-13231021303
Convert 2514 (base 10) to base 14.
cb8
Convert 1e14d (base 15) to base 11.
67839
What is 14214300 (base 5) in base 6?
3101311
-1a9c4 (base 14) to base 8
-204320
Convert -272a97 (base 11) to base 10.
-428567
-1000100100110000100011 (base 2) to base 8
-10446043
Convert -112110211001 (base 3) to base 16.
-458e9
Convert 34236 (base 10) to base 9.
51860
Convert 31250063 (base 8) to base 2.
11001010101000000110011
Convert -101657 (base 10) to base 12.
-4a9b5
-12100423 (base 7) to base 16
-106a95
-4404555 (base 7) to base 14
-100865
What is -6010004 (base 7) in base 9?
-1288538
Convert 11001010010111011001111 (base 2) to base 14.
c48835
What is 236064316 (base 7) in base 13?
3085ca5
Convert -4242123332 (base 5) to base 13.
-1b11336
Convert 1479927 (base 10) to base 9.
2705063
11011111100001101 (base 2) to base 16
1bf0d
-157409 (base 13) to base 6
-15210242
What is -3577211 (base 9) in base 14?
-3873c6
51052 (base 8) to base 13
9760
77149 (base 15) to base 11
239244
Convert 10653250 (base 7) to base 12.
392694
What is -214314 (base 8) in base 11?
-4a00a
Convert -5c8253 (base 13) to base 8.
-10352333
Convert 25a1c (base 13) to base 4.
101002332
What is -3232332 (base 8) in base 15?
-12169d
What is -10144412 (base 5) in base 9?
-137640
Convert -63687 (base 14) to base 9.
-405222
What is 7a85 (base 11) in base 15?
3230
What is -11111101110101101 (base 2) in base 13?
-47204
What is -7568 (base 11) in base 2?
-10011100001100
What is 1000000101001000010001 (base 2) in base 3?
10222121120102
Convert -93e8d2 (base 15) to base 11.
-3a75967
Convert 3689b9 (base 15) to base 3.
11220122201110
What is 3444 (base 9) in base 14?
d03
Convert -3013123033 (base 4) to base 2.
-11000111011011001111
Convert -c07235 (base 15) to base 12.
-3087495
What is 808409 (base 12) in base 6?
110550413
42321314 (base 5) to base 3
200000101202
What is -2a8149 (base 15) in base 10?
-2052294
Convert -220b07 (base 12) to base 5.
-114300402
Convert 8b481 (base 12) to base 10.
185569
Convert -11011100101100101010000 (base 2) to base 6.
-415000400
What is 12a01 (base 13) in base 9?
52465
What is 988346 (base 11) in base 5?
400441043
Convert 59939 (base 15) to base 11.
185618
-20551422 (base 6) to base 7
-5101421
What is 30561364 (base 7) in base 16?
273586
Convert 1527860 (base 11) to base 9.
4827075
Convert 545065 (base 8) to base 9.
307722
What is 76952 (base 10) in base 5?
4430302
-44397 (base 14) to base 12
-7b841
-121200123 (base 5) to base 9
-1056206
Convert 34205050 (base 6) to base 16.
fea96
What is -388c8d (base 14) in base 16?
-1dae8d
Convert 8c54 (base 13) to base 16.
4cd9
What is -512675 (base 8) in base 12?
-82051
-a63878 (base 12) to base 15
-36b0ae
1372910 (base 10) to base 14
27a490
What is -19ccc (base 16) in base 14?
-2a724
Convert -56283 (base 9) to base 4.
-21020220
What is -1200700 (base 10) in base 3?
-2021000001101
-3000b72 (base 12) to base 7
-136104230
Convert -100021100011202 (base 3) to base 14.
-9239dd
Convert 1287db (base 14) to base 4.
2123303131
Convert 73754 (base 8) to base 11.
2107a
What is -10634 (base 14) in base 8?
-115326
What is 310712 (base 9) in base 11?
116503
What is -21ec3 (base 15) in base 8?
-322666
20642026 (base 7) to base 4
12231100132
What is -10226aa (base 12) in base 6?
-144552334
310300311 (base 5) to base 4
10303133000
Convert -24c598 (base 15) to base 16.
-1ae6ca
What is -10112222021121 (base 3) in base 4?
-13031030110
Convert 10001120210101 (base 3) to base 8.
6146656
What is 24a78b (base 14) in base 8?
4631407
1001110001001100 (base 2) to base 9
60787
-416341 (base 8) to base 14
-38665
110032110 (base 5) to base 4
1302331321
Convert 1111021233 (base 4) to base 10.
348783
What is 110010110111 (base 2) in base 11?
249a
-2120110102110 (base 3) to base 13
-38b3b0
-536160 (base 16) to base 11
-30a2551
What is -21012322033 (base 4) in base 7?
-26202634
Convert 120132001223 (base 4) to base 13.
1437839
Convert 5e4b2 (base 16) to base 6.
12140030
Convert 225361350 (base 7) to base 2.
110100110000100010001101
Convert 7305055 (base 8) to base 4.
13120220231
Convert -65478 (base 11) to base 13.
-34371
What is 371454 (base 8) in base 7?
1041363
What is -6944c (base 14) in base 16?
-3e82c
Convert 3432321 (base 6) to base 15.
3700d
Convert -971885 (base 10) to base 3.
-1211101011202
What is -127353 (base 11) in base 7?
-1462204
What is -400421 (base 7) in base 3?
-10102111202
What is -1462584 (base 9) in base 2?
-11000101011111101110
Convert 19799 (base 14) to base 10.
64619
What is 1002000212010 (base 3) in base 2?
10001011100000100111
3953b (base 13) to base 15
217a1
25b09 (base 16) to base 6
3150413
164030 (base 10) to base 15
33905
-110002111311 (base 4) to base 16
-502575
Convert 1411230423 (base 5) to base 8.
15631515
Convert -31c4b (base 13) to base 4.
-111331303
-14837a (base 16) to base 3
-2112022010210
What is 113a33 (base 13) in base 3?
202201220200
What is -2976731 (base 12) in base 9?
-16663681
b51d2 (base 14) to base 10
436676
Convert 1742251 (base 8) to base 14.
d3761
What is 7013652 (base 9) in base 8?
16163730
-1000100111010100011 (base 2) to base 5
-33013100
-69617 (base 16) to base 5
-102303024
What is 11110222201 (base 3) in base 4?
111202021
-35c3e (base 15) to base 5
-20442014
Convert 214363 (base 14) to base 9.
2105164
-2508cbb (base 13) to base 14
-1761ba1
Convert -1135011 (base 6) to base 5.
-3400112
-9aa04 (base 14) to base 5
-44001043
What is -1dcc9c (base 15) in base 10?
-1460847
-12330215 (base 6) to base 4
-1201302203
What is 514986 (base 13) in base 12?
774a99
What is 3a1a67 (base 12) in base 4?
3221222233
What is -1845033 (base 9) in base 7?
-11533566
Convert 20115661 (base 7) to base 15.
22e4d1
Convert 11031313 (base 9) to base 16.
516825
What is -1324420243 (base 6) in base 16?
-f29103
Convert -20301333223 (base 4) to base 9.
-4287581
What is 13b469 (base 13) in base 2?
1110101101001110010
Convert 320213030 (base 4) to base 2.
111000100111001100
What is 233000 (base 6) in base 16?
4e78
What is -4026783 (base 9) in base 12?
-874826
What is -30033 (base 4) in base 15?
-373
What is -3208336 (base 10) in base 2?
-1100001111010010010000
What is -3a08791 (base 11) in base 12?
-23a6418
3201440 (base 7) to base 11
244945
Convert 234857 (base 9) to base 4.
202201111
What is -33464345 (base 7) in base 8?
-13055212
What is -33514a (base 12) in base 5?
-202130141
1131516 (base 7) to base 15
2c240
Convert -3023320003 (base 4) to base 15.
-11766a
53630 (base 16) to base 13
bc603
What is 1560525 (base